 -z**3 + 3*z**2 + z. Let w be m(3). Suppose -3*l = -0*l - 3*u - 30, w*l = 5*u + 34. List the prime factors of l.
2
Suppose 3*i = -i + 28. Suppose -i = u - 0. What are the prime factors of (-1 + 1 + -1)*u?
7
Let o(d) be the third derivative of 0*d - 1/60*d**5 - 3/8*d**4 + 0 - 2*d**2 + 1/6*d**3. List the prime factors of o(-8).
3
Let x be 3 - (-39)/(-3)*-3. Suppose x = 2*l - q, -l - 2*q + 1 = -20. List the prime factors of l.
3, 7
Let o(y) = 5*y - 4. Let j(q) = -11*q + 4 + 1 + 3. Let i(k) = -6*j(k) - 13*o(k). List the prime factors of i(5).
3
Let o = -47 - -220. Suppose o + 27 = 5*s. What are the prime factors of s?
2, 5
Suppose 406 = 5*l - 259. List the prime factors of l.
7, 19
Suppose -5*j - 3*y = 60, -4*j + y + 22 = 70. What are the prime factors of (-159)/j + 2/(-8)?
13
Let w = 49 - 22. List the prime factors of w.
3
Suppose -2*i - 5 = -t + 2, 4*t = -5*i + 2. Suppose 5*q = 3*n + 4, t*n + 0*n - 1 = 4*q. List the prime factors of n.
7
Let h = 24 - -44. What are the prime factors of h?
2, 17
Suppose 2*m = 7*m. Suppose -16 = -v - f, m = 2*v - 3*v + 2*f + 13. Suppose 0 = 5*i - 70 - v. List the prime factors of i.
17
Suppose -3*h - 37 = -4*h. What are the prime factors of h?
37
Let m(n) = -n**3 - 4*n**2 + 3*n - 4. Let s(z) = -z - 1. Let l(o) = -m(o) + 3*s(o). Let j(x) = -2*x + 7. Let c be j(6). What are the prime factors of l(c)?
2, 3
Let a = -27 - -16. Let r = a - -29. What are the prime factors of r?
2, 3
Let j(r) = 3*r**3 + r + 2 + r**3 + 2*r**2 - 5*r**3. Let x be j(3). Let p(u) = u**2 + u - 2. List the prime factors of p(x).
2, 5
Let m = 175 - 99. List the prime factors of m.
2, 19
Let l(u) = -2*u**2 + u - 2. Let h(y) = y**2 + 1. Let s(t) = -3*h(t) - 2*l(t). Let j be s(2). Let q = j - -3. List the prime factors of q.
2
Suppose -36*f - 480 = -41*f. List the prime factors of f.
2, 3
Let u(s) be the first derivative of -s**3/3 + 17*s - 5. What are the prime factors of u(0)?
17
Suppose 0*b + b - 38 = 0. List the prime factors of b.
2, 19
Suppose -4*g + 2 + 14 = 0. Let t = g - 4. Suppose 3*k + 1 - 16 = t. List the prime factors of k.
5
Let p(j) = j**3 - 10*j**2 + 13*j - 8. Let h be p(8). Let x = h - -55. What are the prime factors of x?
23
Let y = 916 + -630. List the prime factors of y.
2, 11, 13
Suppose 5*y = -0*y - 3*s + 10, 4*y - 3*s = 8. Suppose y*u - 15 = -3. What are the prime factors of (6/(-5))/(u/(-100))?
2, 5
Suppose 4*z = f + 71, -5*z + 2*f + f = -94. Suppose -115 = -5*p + 5*b, 5*b + z - 154 = -4*p. Suppose 0*s - p = -2*s. List the prime factors of s.
2, 7
What are the prime factors of ((-7)/(-2))/(2/8)?
2, 7
Let x be -2*((-6)/4)/1. Suppose 7*q = 2*q + 3*k - 6, -x*q + 3*k = 6. Suppose q*l + 12 = l. What are the prime factors of l?
2, 3
Let w(j) = 6*j - 8. Let f be w(4). Let b = f - -9. List the prime factors of b.
5
Let w(f) = f**2 + 9*f - 19. List the prime factors of w(-12).
17
Let x = 10 - 1. List the prime factors of x.
3
Let b = -3 + 3. Let z = 4 - b. Suppose -4*o = -z*t - 12 - 0, -5*t + 21 = 4*o. List the prime factors of o.
2
Let h(r) = -r + 12. Let f be h(11). Let o = 16 - 2. Suppose s + f - o = 0. What are the prime factors of s?
13
Let j be 0 + (-1 - (-76 + -2)). Suppose i - w = 23, j = 4*i - w + 2*w. What are the prime factors of i?
2, 5
Let r be 20/(-3)*(1 + 5). Let g be 20/1*r/(-25). Suppose -4*c + 31 = -c - 4*a, 3*a - g = -2*c. What are the prime factors of c?
13
Let x(a) = 9*a**2 + 3 - a**2 - a**3 + 4 - 7*a. Suppose 4 = f - 3. What are the prime factors of x(f)?
7
What are the prime factors of ((-241)/2)/((-1)/2)?
241
Let w = -30 + 69. List the prime factors of w.
3, 13
Let w(s) = s**3 - 5*s**2 + 5*s + 1. Let u be w(4). Suppose -41 = -5*g + i + 122, -u*i = -10. What are the prime factors of g?
3, 11
List the prime factors of (4 + -6 - -4)*(-204)/(-8).
3, 17
Suppose 3 = 5*w + 3*x - 20, 5*x + 6 = -2*w. Let b = -5 + w. Suppose 0 = -b*o + n + 16, n = 6*o - 3*o - 23. What are the prime factors of o?
7
Let d(r) = -66*r - 16. List the prime factors of d(-3).
2, 7, 13
Let r be (-6)/1 + 3 - 0. What are the prime factors of 3 - (r - -4) - -8?
2, 5
Let b = -7 - -27. Let q = b + -9. List the prime factors of q.
11
Let s(i) = -107*i. What are the prime factors of s(-1)?
107
Let t(z) = 5*z**2 + 12*z + 19. Let i(o) = 3*o**2 + 6*o + 10. Let l(h) = 7*i(h) - 4*t(h). Let g be l(9). List the prime factors of g + (-7)/(14/4).
19
Let f(s) = 5*s - 4. Let n be (-1)/(-5) + (-6)/5. Let w be 4 + (n - 0/(-3)). What are the prime factors of f(w)?
11
Suppose -5*u - 8 = -13. What are the prime factors of -41*(-1 - u - -1)?
41
Let v(i) = i**3 - 3*i**2 - 4*i - 2. Let j be v(5). Let l(s) = -3*s. Let x be l(6). Let d = j + x. List the prime factors of d.
2, 5
Suppose 8 = 5*z + i, -4*z - i = -0 - 7. What are the prime factors of 21 + 1 + -2 + z?
3, 7
Let q(d) = d**2 - 7*d - 6. Let i be q(8). Suppose 2*t - 72 = -2*t. Suppose -i*l + 0*l + t = f, 5*f - 20 = 0. What are the prime factors of l?
7
Let w = -12 + 4. Let r = -6 - w. What are the prime factors of 2 + (8 - 0/r)?
2, 5
Let n = 34 + -18. Suppose -3*j = -2*m - n, 0*m - 18 = -5*j - m. Suppose j*k - 11 = b, -2*k + 1 = 2*b - 17. List the prime factors of k.
2
Let h be 4/(-10) + 22/5. Suppose -33 + 121 = h*x. Let p = x - 11. What are the prime factors of p?
11
Suppose 5*n + 3*j - 9 - 18 = 0, -8 = -2*j. Suppose -q = 2*k - n, -5*q - 2*k = 2 + 7. Let h = q - -10. List the prime factors of h.
7
Suppose 13 = -a + 2*c - 0*c, 3*a - c + 14 = 0. Let y = a - -13. Suppose -2*t = 3*s - y, -3*s - t + 7 = -7. List the prime factors of s.
2, 3
Let g be 112/(-21)*(-18)/4. Let w = g - 14. List the prime factors of w.
2, 5
Suppose -5*x + 6 = 1. Let b(w) = 19*w**3 + 2*w**2 - 1. What are the prime factors of b(x)?
2, 5
Let d = -38 - -96. What are the prime factors of d?
2, 29
Let s = 218 - 121. What are the prime factors of s?
97
Let f be 0 + 0 + (7 - 1). Let u(b) = b**3 - 6*b**2 + 2*b - 3. What are the prime factors of u(f)?
3
Let k be (-3)/6*2*1. List the prime factors of 1 + 3/k - -6.
2
Let q = -173 + 251. What are the prime factors of q?
2, 3, 13
Let d be (2/(-2))/((-1)/4). What are the prime factors of (2 - 30)*(-3)/d?
3, 7
Suppose 25 = -5*j + 10*j. What are the prime factors of j?
5
Let p = 10 + 2. Suppose -108 = -4*b + p. What are the prime factors of b?
2, 3, 5
Let s = 73 - 38. Suppose 3*y - 55 = -g - g, g + 4*y = s. What are the prime factors of g?
23
Let l(d) = 2*d + 2. Let v(j) = 2*j + 3. Let g(c) = -6*l(c) + 5*v(c). What are the prime factors of g(-9)?
3, 7
Let f be 1 - 1*(-2 + -11). Suppose -5*p = 3*c - 58, -3*p + f = 3*c - 2*c. List the prime factors of c.
2, 13
Let w(p) = -p**3 - 10*p**2 + 6*p - 4. What are the prime factors of w(-11)?
3, 17
Let i(w) = w**3 + 6*w**2 + 4. Let t be i(-6). Let m(h) = 2*h**2 - 2*h + 3. What are the prime factors of m(t)?
3
Let u(i) = 17*i + 4. Let z be u(5). Let b = z + -56. List the prime factors of b.
3, 11
What are the prime factors of (22/4 + -6)*(1 - 297)?
2, 37
Let j be (-3)/5*(17 + -2). Suppose -5*p + 0*p - 80 = 0. Let f = j - p. What are the prime factors of f?
7
Suppose 0 = -3*x + 14 + 4. List the prime factors of (-267)/(-21) - x/(-21).
13
Suppose p - 96 = 9. List the prime factors of p.
3, 5, 7
Suppose 0 = m - 61 - 245. List the prime factors of m.
2, 3, 17
Let w(p) = p**2 - 4*p + 3. Let t be w(3). Suppose 2*h + 1 + 7 = t. Let x(y) = -y**2 - 6*y + 5. What are the prime factors of x(h)?
13
Suppose 0 = 5*y + n - 342, -4*n - 74 = -y - 7*n. What are the prime factors of y?
2, 17
Let g(z) be the first derivative of 5/3*z**3 - 1/4*z**4 + z + 1 - 1/2*z**2. List the prime factors of g(4).
13
Suppose 122 = 2*y + 4. What are the prime factors of y?
59
Suppose 2*s - 2 = 0, 0 = -2*p + p + 5*s + 3. Suppose p - 40 = 4*w. Let d = w - -16. List the prime factors of d.
2
Suppose -8 = -3*v + 2*h, -5*v + 2 + 16 = -h. Let i(j) = -j + 6*j**2 - j + v*j - j**3 + 0*j - 9. List the prime factors of i(6).
3
Let k be (-8)/(-5) + 8/20. What are the prime factors of (k/(-6))/(4/(-24))?
2
Let b be 27/(-36) + 158/8. Let q = b + 20. List the prime factors of q.
3, 13
Let y be (-1 + 1)*1/(-1). Let t = y + 2. List the prime factors of t.
2
Let f be (5 - (-1 + 0)) + -2. Suppose -3*k - f = -19. Suppose 18 = -k*d + 53. What are the prime factors of d?
7
Let p(v) = 2*v + 4*v + 5 - 7 - 4*v. List the prime 